{"id":314,"date":"2023-11-29T20:57:14","date_gmt":"2023-11-29T19:57:14","guid":{"rendered":"https:\/\/www.pro-fahrrad-bsb.de\/?page_id=314"},"modified":"2023-12-01T17:08:23","modified_gmt":"2023-12-01T16:08:23","slug":"mit-der-rikscha-durch-bersenbrueck","status":"publish","type":"page","link":"https:\/\/www.pro-fahrrad-bsb.de\/index.php\/mit-der-rikscha-durch-bersenbrueck\/","title":{"rendered":"Mit der Rikscha durch Bersenbr\u00fcck"},"content":{"rendered":"\n<p>Wir von Pro Fahrrad Bersenbr\u00fcck setzen uns aktiv f\u00fcr Inklusion in unserer Gemeinde ein und pr\u00e4sentieren auf dem diesj\u00e4hrigen Weihnachtsmarkt der <a href=\"https:\/\/www.hph-bsb.de\/\" data-type=\"URL\" data-id=\"https:\/\/www.hph-bsb.de\/\" target=\"_blank\" rel=\"noreferrer noopener\">Heilp\u00e4dagogischen Hilfe Bersenbr\u00fcck<\/a> eine ganz besondere Aktion: Kostenlose Rikscha-Fahrten durch Bersenbr\u00fcck.<\/p>\n\n\n\n<figure class=\"wp-block-image size-full\"><img decoding=\"async\" loading=\"lazy\" width=\"1240\" height=\"1754\" src=\"https:\/\/www.pro-fahrrad-bsb.de\/wp-content\/uploads\/rikscha-aktion.jpeg\" alt=\"\" class=\"wp-image-316\"\/><\/figure>\n\n\n\n<p>Wir bieten den Besuchern des Weihnachtsmarktes die M\u00f6glichkeit, Bersenbr\u00fcck auf eine einzigartige Weise zu erkunden \u2013 in einer gem\u00fctlichen Rikscha. Dieses kostenlose Angebot steht besonders Menschen mit Handicap sowie \u00e4lteren Mitb\u00fcrgern offen. Es k\u00f6nnen aber auch all jene dieses Angebot wahrnehmen, die vielleicht zuk\u00fcnftig selbst in die Pedale treten m\u00f6chten, um Fahrten anzubieten.<\/p>\n\n\n\n<p>Mit dieser Aktion m\u00f6chte wir nicht nur eine entspannte M\u00f6glichkeit der Fortbewegung bekannter machen, sondern auch das Bewusstsein f\u00fcr barrierefreie Mobilit\u00e4t sch\u00e4rfen. Das Rikscha-Fahren erm\u00f6glicht Menschen mit eingeschr\u00e4nkter Mobilit\u00e4t eine unkomplizierte Teilnahme am \u00f6ffentlichen Leben und veranschaulicht, wie wichtig inklusive Angebote f\u00fcr eine lebendige und vielf\u00e4ltige Gemeinschaft sind. Die Rikschas werden von der <a href=\"https:\/\/www.nordkreis-pflege.de\/\" data-type=\"URL\" data-id=\"https:\/\/www.nordkreis-pflege.de\/\" target=\"_blank\" rel=\"noreferrer noopener\">Caritas Nordkreis Pflege<\/a> zur Verf\u00fcgung gestellt. F\u00fcr diesen Tag leihen wir uns zus\u00e4tzlich zur Bersenbr\u00fccker Rikscha auch E-Rikschas aus Bramsche und Alfhausen aus.<\/p>\n\n\n\n<p>Die ehrenamtlichen Fahrerinnen und Fahrer von Pro Fahrrad Bersenbr\u00fcck stehen w\u00e4hrend der Aktion zur Verf\u00fcgung, um alle Fragen rund um das Rikschafahren zu beantworten &#8211; und nicht zuletzt auch, um interessierten Besuchern die Sch\u00f6nheit des vorweihnachtlichen Bersenbr\u00fcck auf eine besondere Art und Weise n\u00e4herzubringen. <\/p>\n","protected":false},"excerpt":{"rendered":"<p>Wir von Pro Fahrrad Bersenbr\u00fcck setzen uns aktiv f\u00fcr Inklusion in unserer Gemeinde ein und pr\u00e4sentieren auf dem diesj\u00e4hrigen Weihnachtsmarkt der Heilp\u00e4dagogischen Hilfe Bersenbr\u00fcck eine ganz besondere Aktion: Kostenlose Rikscha-Fahrten durch Bersenbr\u00fcck. Wir bieten den Besuchern des Weihnachtsmarktes die M\u00f6glichkeit, Bersenbr\u00fcck auf eine einzigartige Weise zu erkunden \u2013 in einer gem\u00fctlichen Rikscha. Dieses kostenlose Angebot &hellip; <a href=\"https:\/\/www.pro-fahrrad-bsb.de\/index.php\/mit-der-rikscha-durch-bersenbrueck\/\" class=\"more-link\"><span class=\"screen-reader-text\">Mit der Rikscha durch Bersenbr\u00fcck<\/span> weiterlesen<\/a><\/p>\n","protected":false},"author":1,"featured_media":0,"parent":0,"menu_order":0,"comment_status":"closed","ping_status":"closed","template":"","meta":{"pgc_sgb_lightbox_settings":""},"_links":{"self":[{"href":"https:\/\/www.pro-fahrrad-bsb.de\/index.php\/wp-json\/wp\/v2\/pages\/314"}],"collection":[{"href":"https:\/\/www.pro-fahrrad-bsb.de\/index.php\/wp-json\/wp\/v2\/pages"}],"about":[{"href":"https:\/\/www.pro-fahrrad-bsb.de\/index.php\/wp-json\/wp\/v2\/types\/page"}],"author":[{"embeddable":true,"href":"https:\/\/www.pro-fahrrad-bsb.de\/index.php\/wp-json\/wp\/v2\/users\/1"}],"replies":[{"embeddable":true,"href":"https:\/\/www.pro-fahrrad-bsb.de\/index.php\/wp-json\/wp\/v2\/comments?post=314"}],"version-history":[{"count":9,"href":"https:\/\/www.pro-fahrrad-bsb.de\/index.php\/wp-json\/wp\/v2\/pages\/314\/revisions"}],"predecessor-version":[{"id":328,"href":"https:\/\/www.pro-fahrrad-bsb.de\/index.php\/wp-json\/wp\/v2\/pages\/314\/revisions\/328"}],"wp:attachment":[{"href":"https:\/\/www.pro-fahrrad-bsb.de\/index.php\/wp-json\/wp\/v2\/media?parent=314"}],"curies":[{"name":"wp","href":"https:\/\/api.w.org\/{rel}","templated":true}]}}